2*l**2 + 4*l - 1 - 3. What is q(j)?
0
Let h(s) be the second derivative of 5*s**3/6 - 3*s**2/2 + s. Let z = 14 + -6. Let d be z/(-6)*21/(-14). Give h(d).
7
Let t(a) = a**2 + 5*a + 5. Suppose o - 15 = -4*g, g - 41 = -2*o + 4*g. Let h = 13 - o. What is t(h)?
11
Let u(i) = 4*i**3 + 4*i**2 - 3*i + 4. Let c(k) = 7*k**3 + 8*k**2 - 6*k + 7. Let l(f) = -3*c(f) + 5*u(f). Give l(-5).
9
Let r be 12/(6/(-2)) - -2. Let y(x) = x**3 + 5*x**2 + 2*x + 2. Calculate y(r).
10
Suppose 0 = -x - q + 4, -2*x + q + 2 = -0*q. Let k(m) = 4*m - 3. Let l be k(2). Suppose -l*j = -x*j. Let f(y) = y**2 - y - 8. What is f(j)?
-8
Let x(y) = y**3 - 2*y**2 - 3*y - 2. Let v = 8 - 16. Let j = v - -11. Give x(j).
-2
Let j(l) = -4*l**2 - 11*l + 12. Let n(s) = -s**2 - 3*s + 3. Let b(o) = 2*j(o) - 9*n(o). Let t = -3 - 1. Determine b(t).
-7
Let h(d) = -3*d**3 + 4*d**2 - 3*d. Let l(t) = 13*t**3 - 16*t**2 + 12*t. Let w(a) = -9*h(a) - 2*l(a). Suppose 2 = r - 3*k, 2*r + 5*k - 4 = 8*k. Give w(r).
-2
Let v(i) be the second derivative of i**4/12 - i**3 + 4*i**2 + i. Let x(o) = o**3 + 5*o**2 + 3*o - 3. Let h be x(-3). Calculate v(h).
8
Let d(q) = -q + 6. Let n(t) = 1. Suppose -10 = -0*m - 4*m + 3*s, -5*s = 2*m + 8. Let u(v) = m*d(v) - n(v). Give u(0).
5
Let j(w) = -w**3 + 4*w**2 + 8*w - 5. Let k be 2/(16/100*5/2). Give j(k).
10
Suppose 2*b + 0*b = -4. Let a(x) = -1 - 2*x + 0*x + x**2 - x + 4*x. What is a(b)?
1
Suppose 0 = 3*b - 14 + 2. Suppose -4*v + 3*f + 5 = 0, -v - 2*f = -0*f - b. Suppose 7 = 2*r + r + p, v*r + 7 = -3*p. Let o(q) = -q**2 + 2*q + 2. What is o(r)?
-6
Let a(j) = 2*j + 1. Let d(x) = -10*x - 6. Let b(t) = 6*a(t) + d(t). Let f(w) = w**2 + 5*w + 2. Let v be f(-4). Determine b(v).
-4
Let t(f) = -7*f - 2. Let m(q) = -4*q - 1. Let r(s) = -5*m(s) + 3*t(s). What is r(5)?
-6
Let w(z) = 0 - 1 + 4*z + 0. Determine w(1).
3
Suppose -72 = 3*n - 0*n. Let d be n/(-18) - (-1)/(-3). Let h(j) be the first derivative of -j**4/4 + j**3 - j**2/2 - 1. Give h(d).
1
Suppose 2*j - 2 = j + u, -5*u = -3*j + 4. Let f(v) = v**2 - 2*v + 1. Give f(j).
4
Let w(s) = s - 5. Let u be w(7). Suppose 0 = -q - u - 2. Let t(b) = -b + 1. Let i(a) = -8*a + 5. Let y(c) = i(c) - 6*t(c). Determine y(q).
7
Let b(c) = c**3 + c**2 + c. Let m(i) = -2*i**3 - 6*i**2 - i + 1. Let q(n) = -3*b(n) - m(n). Suppose 2*o + 19 = 4*t + 5, -3*t = 3*o + 3. Calculate q(t).
-1
Let n(b) be the second derivative of -5*b**3/3 + 7*b. Determine n(-1).
10
Let d(r) = r**2 + r - 6. Suppose 0 = -16*l + 24*l. Calculate d(l).
-6
Let n(v) = v + 2. Let x(p) = -p - 11. Let s be x(11). Let h = s - -10. Let f be ((-3)/(-6))/(2/h). Give n(f).
-1
Let i(a) be the first derivative of -12 + 0*a**2 + 0*a - 2/3*a**3. Suppose -2 = -l - 1. What is i(l)?
-2
Suppose -j = -3*t - 40, 4*j - 2 = 4*t + 62. Let d be (-1)/(t/(-15) - 1). Let f be d - 0/(-1) - 2. Let u(q) = 2*q**2 - 3*q - 3. Calculate u(f).
6
Suppose -3*s + 2*s + 1 = 2*m, -s + 4*m + 19 = 0. Let o(q) = -q - 5 - 6*q + q + 8*q**2 - s*q**2. Let y = 8 - 2. Determine o(y).
-5
Let s(k) = k**2 - 6*k + 3. Let m be (-3)/2*-18 + -2. Suppose -z - z = d - 5, 2*z + m = 5*d. Give s(d).
-2
Let i be (2 - 3)*3/(-3). Let v(f) = 0 + 0 - 2 + i - f. Determine v(1).
-2
Let t(a) be the third derivative of -a**5/30 - a**4/24 - a**3/3 - a**2. Determine t(2).
-12
Let x = -13 - -27. Let z = 14 - x. Let g(w) = w**3 - w**2 + 6. Determine g(z).
6
Let g(q) = -3*q - 14. Let z(n) = n + 7. Let u(x) = -2*g(x) - 5*z(x). Calculate u(0).
-7
Let h(w) = 4*w**3 + 9*w**2 + 11*w - 1. Let x be (15/9)/(2/(-6)). Let q(m) = 5*m**3 + 10*m**2 + 12*m. Let d(k) = x*q(k) + 6*h(k). Determine d(5).
-1
Let f(y) = y**2 + 4*y + 5. Let p be f(-4). Let l(v) = -3*v - p + 3 - 3 - 1. Determine l(-4).
6
Let r(u) = -2*u**2 + 4*u - 4. Suppose i + 1 = -5*y + 13, y - 2*i = 9. Give r(y).
-10
Suppose 2*j + 53 + 2 = 5*g, 0 = -j + 5. Let m be 7/(-21) + g/3. Suppose -2*a + 4 = a - m*u, 2*a - 5*u = 5. Let q(i) = -i - 4. Determine q(a).
-4
Let x(p) = -p**2 + p - 4. Let d be (1 - 4)/((-5)/5). Give x(d).
-10
Let y(g) = -6*g**3 - 7*g**2 + 4*g + 4. Let a(l) = -5*l**3 - 6*l**2 + 4*l + 4. Suppose 5*s + 16 = s. Let d(c) = s*y(c) + 5*a(c). Determine d(-3).
1
Let f(a) = a - 4. Let j be 6*((-2 - 2) + 5). What is f(j)?
2
Let s(c) = 6*c**2 - 7*c + 4. Let b(j) = -j**2 + j - 1. Let f(q) = -5*b(q) - s(q). Let t = -6 - -11. Suppose -t = 3*w + 1. Calculate f(w).
-7
Let f(s) be the third derivative of s**4/6 - 16*s**2. What is f(-2)?
-8
Let n(m) be the second derivative of m**7/420 + m**6/180 - m**5/120 + m**4/24 - 2*m**3/3 - m. Let h(a) be the second derivative of n(a). Calculate h(-2).
-5
Let r(z) = -2*z**3 - 12*z**2 - 5*z + 11. Let n(i) = i**3 + 6*i**2 + 2*i - 5. Let k = -10 - -3. Let w(m) = k*n(m) - 3*r(m). What is w(-6)?
-4
Suppose -5*y + 15 = 4*m + 2, 4*m - 6 = 2*y. Let h(a) = 4*a**2 - 4. Let v(q) = 4*q**2 - 3. Let g(o) = -2*h(o) + 3*v(o). What is g(y)?
3
Let t = 3 - 4. Suppose 3*w - 3 = 5*f, -5*w + 5 = -0*f - f. Let j(y) = -10*y - 5. Let r(d) = -d - 1. Let p(z) = w*j(z) - 4*r(z). Calculate p(t).
5
Let g(l) = 6*l**3 + 12*l**2 - 10*l - 3. Let n(p) = 7*p**3 + 13*p**2 - 10*p - 3. Let o(f) = 6*g(f) - 5*n(f). Calculate o(-8).
13
Let o(y) = 3*y - 2. Let i = -24 + 21. Calculate o(i).
-11
Let m(j) = -5 + 32*j - 14*j - 12*j - 8*j. What is m(-4)?
3
Let q(l) = -4*l - 3. Let f(v) = 12*v + 10. Let g(n) = -2*f(n) - 7*q(n). Determine g(-2).
-7
Let x(u) = u + 4. Suppose 0 = -0*o - o - 4. Give x(o).
0
Suppose -2*m + 2 = 0, -5*s + 6*m - 3*m = -2. Let b(v) = -2*v. What is b(s)?
-2
Let i = -1 + 1. Suppose -h - 4 = -4*g, 5*g - 2 - 3 = i. Let p(t) be the first derivative of t**2/2 - 8*t + 1. What is p(h)?
-8
Suppose -1 = -2*r + 3. Suppose 5 = -r*u - 1. Let c(w) = w**3 + 3*w**2 - w + 3. What is c(u)?
6
Let z(t) be the third derivative of -t**4/8 + 6*t**2. Suppose 2*w - 3*w = -3. Suppose -5*b = -r + 5, w*b - 4*r - 12 = -b. Determine z(b).
6
Let z(j) be the second derivative of -j**6/360 - j**5/120 + 5*j**4/24 + 5*j**3/6 - 4*j. Let c(v) be the second derivative of z(v). Determine c(-4).
-7
Let d be (-2)/((-9)/((-90)/4)). Let i(w) = w**3 + 7*w**2 + 7*w. What is i(d)?
15
Let g(i) = -4*i**2 - i**3 + 4*i + 4 - i - 5*i. Let v(b) = b**2 - 6*b - 19. Let c be v(8). What is g(c)?
1
Let x(v) = v + 9. Let i be 94/(-10) + (-6)/10. Let a be x(i). Let s = 6 + a. Let c(r) = -r**3 + 5*r**2 - r + 4. Give c(s).
-1
Suppose 4*g - 6 = 2*x + 14, 5*g - 5*x - 35 = 0. Let d(f) = f**3 - 2*f**2 - f - 4. Give d(g).
2
Let k(q) = q**2 - 5*q - 1. Suppose -6*x = -x - 15. Calculate k(x).
-7
Let z(l) = l**2 - 3*l + 2. Let t(w) = 11*w + 9. Let c(m) = 5*m + 4. Let g(y) = 9*c(y) - 4*t(y). Let u(p) = -6*g(p) - z(p). Calculate u(-4).
-6
Let h(n) = n**2 - 5*n + 6. Let k = -6 + 10. Let a be h(k). Let q(y) = 4 + 2 + 2 - a - y. Give q(6).
0
Suppose 2*q - 2*t = t + 26, -2*q + 10 = t. Let p(k) = 6*k**2 + 0*k + 2*k**2 + k**3 - 3*k + q - 4*k**2. Calculate p(-5).
-3
Let y(k) be the first derivative of k**4/4 - 4*k**3/3 + k**2 - k + 14. Determine y(4).
7
Let z(v) = -2*v - 8. Let n be (-20)/3 + 44/66. What is z(n)?
4
Let r(t) = -6*t + 25. Let a(o) = -o + 4. Let l(p) = -39*a(p) + 6*r(p). Let z(v) = -v**3 - 22*v**2 - 3*v - 62. Let k be z(-22). Determine l(k).
6
Let x(q) = -q**3 + 4*q + 5. Let h(g) = -g**3 + 3*g + 4. Let y(k) = 4*h(k) - 3*x(k). Let u(d) = d + 2. Let p be u(-3). Give y(p).
2
Let c(z) = -z. Let h(d) = d**2 + 9*d + 1. Let q(o) = 5*o**2 + 46*o + 5. Let v(j) = 11*h(j) - 2*q(j). Let r be v(-7). Determine c(r).
-1
Let d be 96/52 + (-2)/(-13). Suppose r - d*q = -q - 7, 27 = -5*r + q. Let o(a) = -a**3 - 5*a**2 - a - 3. Calculate o(r).
2
Let v be 3/(((-45)/12)/(-5)). Suppose 0*w + 2*w - v = 0. Suppose 0 = -0*j - j + w*z - 2, -3*z = -4*j + 7. Let o(y) = y**3 - 5*y**2 + 4*y + 1. Calculate o(j).
1
Let v(f) = -7*f**2 - 2*f + 1. Let n = -74 - -75. Calculate v(n).
-8
Let b = -3 + 5. Suppose -y + 19 = -5*c, -3*y + 18 = -0*c - b*c. Let k(r) = r**3 - 4*r**2 - r + 3. Give k(y).
-1
Suppose 0*m = -m + 38. Suppose -4*v + 2*k + m = 4*k, 4*v - 3*k = 13. Let j(o) = -v + 1 + 0 - o. What is j(-5)?
-1
Let o(y) = 2*y - 10. Let f(w) = -3*w + 10. Let v(l) = -3*f(l) - 4*o(l). Calculate v(0).
10
Suppose -v + 5*m - 14 = 0, 2*m = 5*v - m - 18. Let w(h) be the second derivative of -h**4/12 + 7*h**3/6 - 3*h**2 + 2*h. Determine w(v).
0
Suppose 14 = 4*d + 2*o, -22 = -0*d + 3*d - 5*o. Let f(